is the thousands digit of z(-29)?
2
Let t(g) = 17*g**2 + 14*g - 14. Let f be t(-16). Suppose -17*n + f = 289. What is the hundreds digit of n?
2
Let w be -89*(9/(-1) + 6). What is the hundreds digit of (-18 + w)*(-4)/(-3)?
3
Suppose 0 = -3*c + 3*p - 231, -5*c - p - 142 = -3*c. What is the tens digit of 80/5*c/(-4)?
9
Let r = -13715 - -33395. What is the tens digit of r?
8
Let r = -11336 - -17276. What is the units digit of (4/3)/(-2) + r/162?
6
Suppose -4*f = -4*x - 14 - 10, 0 = 5*f - 2*x - 27. What is the tens digit of ((-1698)/4)/(-2 - f/(-4))?
6
Suppose 7*k - 72*k = -44980. Suppose -2*r - 2*r = -24. Suppose r*f + 146 = k. What is the tens digit of f?
9
Suppose -3*c + 593 = -2*c + 3*k, 4*c - 2364 = -8*k. What is the units digit of c?
7
Let s(j) = -32*j - 14. Let l be s(-1). Suppose 16*o = l*o - 336. What is the tens digit of o?
6
Let w(c) = 24*c**2 - 922*c + 59. What is the ten thousands digit of w(51)?
1
Let f(n) = -n + 13. Let x be f(6). What is the hundreds digit of (1 - (-341)/x)/(2/21)?
5
Let p(b) = -460*b + 234*b + 7*b**2 + 241*b - 4. What is the tens digit of p(3)?
0
Let q = 55 + -37. Suppose -3*o + 24 = -2*o + f, 4*o - f = 86. Suppose q*l = o*l - 184. What is the units digit of l?
6
Suppose 35*c - 8*c = 12231. Let n = 602 + c. What is the tens digit of n?
5
Let q be 760/(-6) - (-10)/15. Let u = -134 - q. What is the units digit of u/(-16) - 1*525/(-6)?
8
Suppose 0 = -16*g - 250 + 266. Suppose g + 9 = -2*h, 4*n = h + 5645. What is the hundreds digit of n?
4
Let a(s) = s**3 - 20*s**2 + 27*s - 52. Let w(d) = -2*d**3 + 40*d**2 - 54*d + 105. Let z(y) = -5*a(y) - 3*w(y). What is the tens digit of z(19)?
9
Let a be (10/2)/((-4)/(-4)). Let y = -42 + 101. Suppose u = -3*g + a*g - y, -g - u = -34. What is the units digit of g?
1
Let l(s) = s + 14. Let v be l(-7). Let x(a) = -22 - 23 + v*a - 41*a + 15*a. What is the hundreds digit of x(-11)?
1
Let j be 86/12*(-228)/(-38). Suppose -10 = 4*a - 22, -4*v + a + 9 = 0. Suppose 0 = v*d - 2*d - j. What is the units digit of d?
3
Let z be ((-16)/6)/(22/(-33)). Suppose -j = -5*f + 107, 2*f - z*j + 78 = 5*f. What is the tens digit of f?
2
Let h(v) = v**2 - 2*v - 15. Let a be h(5). Suppose -5*t + l + 1396 = 4*l, 4*l - 8 = a. What is the hundreds digit of t?
2
Suppose 0 = u + 25 - 23. What is the hundreds digit of 12/4*u/6*-1277?
2
Suppose -71455 = -3*p - 3*b + 61373, 487084 = 11*p - b. What is the ten thousands digit of p?
4
Let w(m) = 1015*m**3 - 3*m**2 - 6*m + 23. What is the hundreds digit of w(2)?
1
Let u(i) = 10*i**2 - 5*i + 1. Let w be u(5). Let d(j) = 15*j - 282. Let x be d(19). Suppose -5*q = -4*m - w, 5*m + 177 = x*q + 31. What is the tens digit of q?
4
What is the hundreds digit of 1/((-17)/(-1432107 - -10)*(0 + 1))?
2
Suppose 722*f - 690*f = 395040. What is the thousands digit of f?
2
Let y be 15 + ((-2)/2 - -1)*1. Suppose 95*c = 90*c + y. Suppose 127 = w - c*x, 3*w + 2*x = w + 270. What is the units digit of w?
3
Let p(i) be the first derivative of -10*i**2 - 68*i - 64. What is the tens digit of p(-6)?
5
Suppose -4*h = -4*d + 32176, 3*h - 32197 = -9*d + 5*d. What is the tens digit of d?
4
What is the tens digit of 59354/236*2*1?
0
Suppose 174*h - 165*h = 161073. What is the units digit of h?
7
Suppose 0 = 3*o + 229 - 442. Suppose c = 4*w + 63, -4*c + o + 148 = -5*w. What is the tens digit of c?
5
Let x = 4773 - 2479. What is the units digit of x?
4
Let j = -5205 - -20664. What is the ten thousands digit of j?
1
Suppose 52*l = -19074 + 59010. What is the units digit of l?
8
Let y(p) = -p**3 - 43*p**2 + 125*p + 30. What is the tens digit of y(-49)?
1
Suppose 32*o - 154363 - 777240 = 91437. What is the ten thousands digit of o?
3
Let t be (172/(-8) - -2)*2180/(-15). Suppose z - 3*z + 2828 = k, 4*k - t = -2*z. What is the units digit of z?
3
What is the ten thousands digit of 1 + 192765/6 + 1 - 113/226?
3
Suppose s - 116*k - 10082 = -113*k, 4*s - 2*k - 40328 = 0. What is the thousands digit of s?
0
Let w(o) = 3*o**2 - o - 13. Let z(u) = u**2 - 7*u - 6. Let n be z(9). Suppose 0 = 3*q + b - 18, -2*q - b + 2*b + n = 0. What is the tens digit of w(q)?
8
Let s(c) = -c**2 - 3*c + 22. Let x be s(0). What is the hundreds digit of (-371488)/(-286) + 2/x?
2
Let q(l) = 48*l**3 + l**2 + l - 2. Let p be q(1). Suppose p = 2*r + 16. What is the units digit of r/(3 - 1) + 2?
0
Let f(v) = -13*v - 213. Let o be f(-15). Let g(n) = -16*n + 37. What is the units digit of g(o)?
5
Let l(c) be the third derivative of 0 + 7*c**2 + c**4 + 1/2*c**3 + 0*c. What is the tens digit of l(4)?
9
Let p(w) be the third derivative of w**4/12 + 14*w**3/3 + w**2. Let y be p(-14). Suppose -2*f + 71 + 107 = y. What is the tens digit of f?
8
Let m = 4733 - -2911. What is the units digit of m?
4
Let x(k) = -47*k + 39*k - 70 + 20*k + 26*k + 14*k. What is the tens digit of x(23)?
2
Suppose 0*w = -w + 4*l + 199, 5*l = -3*w + 580. Suppose 0 = -6*o + 9*o + 324. Let n = w + o. What is the tens digit of n?
8
Let s = 94 + -92. Suppose 1816 = s*u - 4*g, -4*u - 2*g + 3632 = 2*g. Suppose 2*r = -4*l + u, -l - 2*r = 4*l - 1133. What is the hundreds digit of l?
2
Let s = 5793 + -9282. What is the units digit of s/(-4) - (-48)/64?
3
Let t(z) = z**3 + 6*z**2 + 7*z. Let x be t(-2). What is the hundreds digit of 27/54*x*326?
3
Let v = -45 + 51. Let r be 60/3 + 0/(v/3). Suppose -19*m = -r*m + 58. What is the units digit of m?
8
Suppose -4*n + 5*r - 3 = -6*n, n = -4*r. Suppose -4*h = n*c - 52, 2*h + 0*c - 22 = -c. Let q(z) = 2*z**2 - 12*z - 11. What is the units digit of q(h)?
3
Suppose 0 = -22*v - 2*v + 30336. Let q = v - 201. What is the hundreds digit of q?
0
Let n = 73354 + -40824. What is the tens digit of n?
3
Suppose -7*m - 3*m = -20. Let y be 1294 + -2 - (0 - -4). Suppose -5*a + y = m*a. What is the hundreds digit of a?
1
Let c be (-24)/(-28)*(-14)/9*-3. Suppose 1133 = c*l + 4*x + x, 2*l - 580 = 2*x. What is the hundreds digit of l?
2
Suppose 4*r = 4*n - n + 2828, 4*n + 1424 = 2*r. Let x(q) = -3 + 4*q**3 + 2*q + r*q**2 - 3 - 710*q**2. What is the hundreds digit of x(4)?
1
Let z = 22805 - 14315. What is the hundreds digit of z?
4
Let l be (-16)/24 - 4/9*-6. Suppose 2*b = -l*h + 8, -4*b + 14 = 2*h + h. What is the units digit of b?
2
Suppose 0 = -21*c + 59*c + 57*c - 1118435. What is the ten thousands digit of c?
1
Let i(j) = 2*j**2 - 5 + 3 + j + 2*j. Let n = -32 - -34. What is the tens digit of i(n)?
1
Suppose b = 0, b = -4*v + 6*b + 20. Suppose -1668 = -v*m - 3*w, 4*m + 0*m - 2*w - 1352 = 0. What is the hundreds digit of m?
3
Let g be 123 + 3 + 0 + 0. Let d(y) = y**2 + 12*y + 24. Let z be d(-16). Let r = g - z. What is the tens digit of r?
3
Suppose 13*h - 9*h + 3*w = 33501, 5*h + 2*w - 41878 = 0. What is the hundreds digit of h?
3
Suppose -78*q + 29*q = -920906. What is the units digit of q?
4
Let i = -58 + 34. Let w = -433 + 481. Let x = i + w. What is the tens digit of x?
2
What is the thousands digit of (-4 - 484/(-110))/(2/46540)?
9
Suppose 37 = 4*a + 5. Suppose z = -z + a. Suppose 5*h - 466 = -5*d + 4*h, -d - z*h + 78 = 0. What is the units digit of d?
4
Let o = 2711 - 690. What is the units digit of o?
1
What is the hundreds digit of 19/((-1482)/260)*(-54183)/5*1?
1
Let s(c) = 5*c**2 + c - 2. Let i be s(1). Let f be (-2 + 348/(-8))*i/(-1). Suppose 3*x + q - 340 + 57 = 0, f = 2*x + 2*q. What is the units digit of x?
6
Suppose 0*k = -3*k + 5*k. Suppose 3*r + y + 2*y + 6 = k, -3*y + 6 = r. What is the hundreds digit of 0 - -2 - (2196/3)/r?
1
Suppose -3*j + 32*j - 1159882 = -14*j. What is the tens digit of j?
7
Suppose -4*x = 8 - 0. Let m = 434 + -433. What is the units digit of (-12)/8*m*x?
3
Suppose -w + 16762 = 3*i, 5*w + 5*i - 27726 = 56124. What is the units digit of w?
4
Suppose -l + 121 = -39. Let c be l/30 + 2/(-6) + 0. Suppose c*h - h = 292. What is the tens digit of h?
7
Suppose 3*h + 3*y - 396 = 6*y, -5*y = 20. Suppose -f + 2*s + 324 = 0, -f - 2*s + 188 = -h. Suppose -f = -4*v + 376. What is the hundreds digit of v?
1
Suppose 2*t = p - 38 - 63, -4*t + 333 = 3*p. Suppose 0 = d + p - 1268. Suppose 14*q + 363 = d. What is the units digit of q?
7
Let r(f) be the first derivative of -3*f**2/2 + 7*f + 107. Let y = -35 + 16. What is the tens digit of r(y)?
6
Suppose 4*h = 2*f + 828, -461 - 367 = 2*f + 4*h. Let z = f + 681. What is the units